 be the second derivative of -269*u**3/6 - 13*u**2 - u + 27. Is p(-9) prime?
False
Suppose -211*a + 204*a + 75551 = 0. Is a prime?
False
Let m(d) = 242*d**2 + 6*d + 3. Let o be m(-3). Suppose o = 4*j - 1465. Is j composite?
False
Is -5*((-350)/210 - 84326/15) a prime number?
False
Suppose -3*z = -5*j - 77062, -2*z + 5*j = -22076 - 29307. Is z composite?
False
Let y = 894 - -1920. Suppose -q + 1686 = -3*l, -y = 5*l + 2*q - 5*q. Is l/(-13) + 38/(-247) a composite number?
False
Suppose 274027 = 83*d - 1669584. Is d a composite number?
False
Is 65/26*(-48198)/(-15) composite?
True
Let o(i) = -724*i - 63. Let c(m) = -11*m**2 - m + 1. Let z be c(1). Is o(z) a prime number?
True
Is (264065 - ((-102)/14 + (-48)/(-168))) + -1 a prime number?
True
Suppose 3*j - 4*u - 1979 = -764, -4*u + 389 = j. Suppose j = -6*b + 9755. Is b prime?
True
Is 7*668562*(-2)/(-12) a composite number?
True
Let j = -4034 - -6169. Let m = j + 502. Suppose m = -2*c + 11*c. Is c composite?
False
Suppose 9993 = 3*q + 4*z - 26980, -z = -1. Is q composite?
False
Suppose 5*x - 2*x + 1056191 = 22*x. Is x prime?
True
Suppose 191*a - 5*o = 190*a + 215072, -2*a + 3*o = -430151. Is a composite?
False
Let h(o) = -o**2 + 7*o + 5. Let x be h(7). Suppose 0 = -3*n + x*n. Suppose -12758 = -2*w - n*w. Is w a prime number?
True
Let y = 18 - 17. Let d(n) = 3*n**3 - n**2 + 3*n - 2. Let w be d(y). Suppose f = -4*i + 1684 - 298, -w*i - 5*f = -1031. Is i prime?
True
Suppose -83*k - 9196862 + 25869972 = -18605625. Is k composite?
True
Suppose 2*f = -f + 15, 0 = -5*y + f + 95. Suppose -y*v = -15*v - 15455. Is v a composite number?
True
Suppose 132*f + 55*f = 32*f + 60986455. Is f a prime number?
False
Let o(v) = -63 + 19*v + 52*v**2 + 80 - 57. Is o(-13) composite?
False
Suppose -2*q + 5*m = -25141, 72*q - 37729 = 69*q + 4*m. Is q a prime number?
True
Suppose -2770*d + 1225418 = -2765*d - 79527. Is d composite?
True
Let r(l) = 3*l**2 - 5*l + 45. Let w be r(-13). Suppose -o + w = g - 4*o, -5*g = -o - 3113. Is g a prime number?
False
Suppose -5*n - 2*c + 75535 = -7*c, 15111 = n - 2*c. Suppose -5*f + 6312 = -n. Is f a prime number?
True
Let h = -14 + 20. Suppose 4 = 2*m - h. Suppose 0*x + 762 = 2*x + m*u, -381 = -x + 2*u. Is x a prime number?
False
Suppose -4*w + 2653844 = -h, 3*w - 112503 = -3*h + 1877910. Is w prime?
True
Let a(m) = 17*m**2 + 7*m - 249. Is a(14) a prime number?
True
Suppose 46*q = 466807 + 354247. Is q prime?
False
Suppose 15775 = 2*o - 3*w, 0 = 5*o + w - 15784 - 23696. Is o composite?
True
Let i(h) = -32*h - 169. Let r be i(-6). Suppose -100798 = -r*y + 33683. Is y a prime number?
False
Let n(l) = 883*l - 20. Let f be n(6). Let r = -3690 + f. Suppose 13*y - r = 9*y. Is y composite?
False
Let n = -357 + 366. Suppose -102687 = n*s - 22*s. Is s a prime number?
False
Let o(y) be the first derivative of 78*y**4 - y**3 + 3*y**2 - 7*y + 38. Let a be (-16)/(-12) - 6/(-9). Is o(a) a prime number?
False
Let z = -1284 - -894. Let s = z + 1336. Suppose -5*b = -3*b - s. Is b a composite number?
True
Suppose -1233706 = -37*m - 219647. Is m a prime number?
True
Let m(p) = 10*p**2 + 11*p. Suppose 0 = -2*l + 3*l - 31. Suppose -25 = -l*s + 26*s. Is m(s) composite?
True
Is 1/((-42)/(-167853)*(-1)/(-2)) a composite number?
False
Suppose -9 = -2*p + 35. Suppose 4*g - p = -f, -3*f = -0*g + g - 11. Suppose -1406 = -f*v - 442. Is v a prime number?
False
Is -172*(-18)/((-432)/(-69558)) prime?
False
Let g(v) = 14. Let z(k) = k. Let q(o) = g(o) + 2*z(o). Let s be q(-6). Suppose -s*n + 1705 + 3073 = 0. Is n prime?
True
Is (-32 + 2686)*46/4 a prime number?
False
Let s = -60780 - -182699. Is s prime?
False
Let d be (-9150)/(-11) + (-18)/(-99). Let p = d + -452. Suppose -x - 9*x + p = 0. Is x prime?
False
Let i be (-752576)/(-224) - (-2)/7. Let o = -1522 + i. Is o a composite number?
True
Let p be (-6)/(-4) + -6 + 6505/(-10). Let v be ((-12)/(-2))/(-2) - (-6140)/4. Let f = p + v. Is f a prime number?
True
Is (-473488)/(-5) + 2/5 + 127 + -128 a prime number?
False
Suppose 0 = -8*w + 5*w + 6. Suppose -d - 3*i + 539 = 0, -w*d + 0*d + 4*i + 1058 = 0. Suppose d - 13118 = -3*c. Is c composite?
True
Let t(r) = -2*r**3 - 2*r**2 - 7*r + 3. Let o be -11 - (-14)/(4/2). Is t(o) composite?
False
Suppose -2*q - 12*q - 4*q + 1225278 = 0. Is q composite?
False
Let i(r) be the second derivative of r**5/20 + 9*r**4/4 - 4*r**3/3 + 57*r**2/2 + 57*r. Is i(-26) a prime number?
True
Is 1 - -18 - -39811 - 9 a composite number?
False
Suppose -1207 - 217 = -4*d. Suppose -4*w + 5*m + 2856 = 0, -5*w - 2*m - d = -3926. Suppose 11 = 5*a - w. Is a a prime number?
False
Let t = -888 + 885. Let v = 9 + -3. Is (t/v)/((-5)/1850) a composite number?
True
Suppose -y - 4*q = -4085, 6*y = 8*y + 3*q - 8160. Suppose 12*v - y = 1335. Is v prime?
False
Let x(b) = -b + 13. Let f be x(9). Suppose 7*r - f*r = 1839. Suppose r = s - 90. Is s a prime number?
False
Let r(b) = b**3 + 11*b - 7. Let j = -320 - -333. Is r(j) prime?
True
Suppose 0*c + 4*c = 40. Suppose -11*d = -20*d - 5805. Is 1 + -20*d/c composite?
False
Let o(w) = w**2 + 5*w + 5. Let c be o(-5). Suppose -25 = -5*r, l + c*r = -0*l + 59. Is ((-4879)/l)/(1/(-2)) prime?
False
Let z(i) = i**3 - 19*i**2 - 17*i - 27. Let n be z(20). Suppose n*l - 8492 = 29*l. Is (l/2 - -3)*2 composite?
False
Let c = 43 - 49. Let t(x) = -x**2 - 6*x - 8. Let j be t(c). Is ((-2980)/j)/5*14 prime?
False
Let u be (-14)/2 + (-72)/(-6). Suppose -3*t + 4*d = -9245, t + 0*t - 3089 = u*d. Is t composite?
False
Let j(m) = m**3 - 151*m**2 - 400*m - 279. Is j(175) a prime number?
False
Let x = 86726 - 51387. Is x a prime number?
True
Let v = 137264 + -9501. Is v a prime number?
True
Let h = -9 - -11. Suppose 0*f + 5*f - 4*k = -5, 4 = -4*f - h*k. Is (2/4)/((-2)/(-2477 - f)) composite?
False
Is 256/192*(-90078)/(-8) composite?
False
Suppose -42*h + 55*h = -520. Is (-2)/(16/h - 244/(-635)) composite?
False
Let p(f) be the third derivative of 22*f**2 + 13/6*f**5 + 1/6*f**4 - 11/6*f**3 + 0 + 0*f. Is p(3) prime?
True
Let w(k) = 25*k**2 - 4*k + 5. Let p be w(1). Suppose -p*v + 86729 = -26865. Is v prime?
False
Let g(k) be the third derivative of 29*k**5/10 + k**4/24 - 11*k**3/3 - 28*k**2. Is g(9) composite?
False
Suppose 0 = 22*g - 1059683 - 222279. Is g composite?
False
Let p(m) = m**2 + 3*m + 2. Let h be p(-4). Let s be 8/12 - h/(-9)*-1. Suppose 7*v - 9*v + 230 = s. Is v a composite number?
True
Let t(o) = -2471*o - 514. Is t(-49) prime?
False
Let v(s) be the second derivative of 73*s**4/3 + 8*s**3/3 - 11*s**2/2 - 76*s. Is v(-12) a prime number?
False
Let z(i) = 228*i**3 + 2*i**2 - 15*i - 12. Is z(5) a prime number?
True
Let s(n) be the third derivative of 5*n**5/12 + 3*n**4/4 + 19*n**3/2 + 14*n**2 - n. Is s(-8) composite?
True
Let a(x) = 16917*x - 1567. Is a(8) a prime number?
True
Let p(g) = 27*g**2 - 74*g + 4. Is p(7) a composite number?
False
Suppose 4*p = -p + 4*m + 23, -3*m = 3*p - 3. Suppose p*r = -3*r - 4146. Let i = -454 - r. Is i composite?
True
Let b(l) be the second derivative of -496*l**3/3 + 31*l**2/2 + 149*l. Is b(-3) composite?
True
Suppose -2*t = -12*t + 30. Suppose 4101 = s + 4*q, s - 6*s = -t*q - 20528. Is s composite?
True
Suppose 202*r - 214*r = -1097436. Is r a composite number?
False
Suppose a = -0*a. Let w(q) = -49 + 14 + 124 + 176 - 7*q - q**2 + 9*q. Is w(a) composite?
True
Let d = 368 + -345. Suppose -d*g + 15*g = -28024. Is g composite?
True
Is ((-324289646)/1253)/(2/(-7)) composite?
True
Suppose -11*b = 2*j - 10*b - 331404, -5*j + 5*b = -828495. Is j a prime number?
True
Let t = 28415 - -95396. Is t a prime number?
False
Suppose 2*s - 4*d - 12 - 12 = 0, -8 = 2*s + 4*d. Suppose -s*p + 42 = 110. Is (0 + -1 - 4)*p a prime number?
False
Let n(a) = 79*a**2 - 3*a + 7. Let l(g) = -237*g**2 + 10*g - 22. Let y(f) = 2*l(f) + 7*n(f). Let o be y(4). Let v = o + -702. Is v prime?
True
Let j = -64257 - -212920. Is j a composite number?
False
Let a(u) be the first derivative of 3*u**4 + u**3/3 + u**2 + u + 1. Let c be (9/(-24)*-4)/((-9)/(-24)). Is a(c) prime?
False
Let p = -27 - -33. Suppose p*v - 2*v = -v. Suppose v = -3*j - 9, -3*j - 469 = -s - 6*j. Is s composite?
True
Let i(o) = 30*o**2 - 3. Let p be i(9). Suppose 272 = -f + p. Is f composite?
True
Suppose 5*j - 16500 = 5*w, 3*j = -86*w + 84*w + 9895. Is j prime?
True
Let 